{"id":168,"date":"2025-11-19T12:15:13","date_gmt":"2025-11-19T12:15:13","guid":{"rendered":"https:\/\/rs-nails.de\/wilkommen-bei-rs-nails\/?page_id=168"},"modified":"2025-11-19T12:15:14","modified_gmt":"2025-11-19T12:15:14","slug":"impressum","status":"publish","type":"page","link":"https:\/\/rs-nails.de\/wilkommen-bei-rs-nails\/impressum\/","title":{"rendered":"Impressum"},"content":{"rendered":"\n<p><strong>Angaben gem\u00e4\u00df \u00a7 5 TMG<\/strong><br>Rebecca Schuckelt<br>Nagelstudio RS Nails<br>Windm\u00fchlenweg 7g<br>04849 Bad D\u00fcben<\/p>\n\n\n\n<p><br>Kontakt<br>Telefon: 01575 2382979<br>E-Mail: kontakt@rs-nails.de<\/p>\n\n\n\n<p><strong>Angaben zur Umsatzsteuer<\/strong><\/p>\n\n\n\n<p><strong>Kleinunternehmer gem\u00e4\u00df \u00a7 19 UStG:<\/strong><br>Es erfolgt <strong>keine Ausweisung der Mehrwertsteuer<\/strong> aufgrund der Kleinunternehmerregelung nach \u00a7 19 UStG.<br><\/p>\n\n\n\n<h3 class=\"wp-block-heading\"><strong>Haftungsausschluss (Disclaimer)<\/strong><\/h3>\n\n\n\n<h4 class=\"wp-block-heading\"><strong>Haftung f\u00fcr Inhalte<\/strong><\/h4>\n\n\n\n<p>Die Inhalte unserer Seiten wurden mit gr\u00f6\u00dfter Sorgfalt erstellt. F\u00fcr die Richtigkeit, Vollst\u00e4ndigkeit und Aktualit\u00e4t der Inhalte k\u00f6nnen wir jedoch keine Gew\u00e4hr \u00fcbernehmen.<\/p>\n\n\n\n<h4 class=\"wp-block-heading\"><strong>Haftung f\u00fcr Links<\/strong><\/h4>\n\n\n\n<p>Unsere Website enth\u00e4lt Links zu externen Webseiten Dritter, auf deren Inhalte wir keinen Einfluss haben. Deshalb k\u00f6nnen wir f\u00fcr diese fremden Inhalte auch keine Gew\u00e4hr \u00fcbernehmen.<\/p>\n\n\n\n<h4 class=\"wp-block-heading\"><strong>Urheberrecht<\/strong><\/h4>\n\n\n\n<p>Die durch die Seitenbetreiber erstellten Inhalte und Werke auf diesen Seiten unterliegen dem deutschen Urheberrecht. Beitr\u00e4ge Dritter sind als solche gekennzeichnet. Die Vervielf\u00e4ltigung, Bearbeitung, Verbreitung und jede Art der Verwertung au\u00dferhalb der Grenzen des Urheberrechts bed\u00fcrfen der schriftlichen Zustimmung des jeweiligen Autors bzw. Erstellers.<\/p>\n\n\n\n<p><strong>Streitschlichtung<\/strong><\/p>\n\n\n\n<p>Verbraucherstreitbeilegung\/Universalschlichtungsstelle<br>Wir sind nicht bereit oder verpflichtet, an Streitbeilegungsverfahren vor einer<br>Verbraucherschlichtungsstelle teilzunehmen.<\/p>\n\n\n\n<p><br>Quelle:<br><a href=\"https:\/\/www.e-recht24.de\">https:\/\/www.e-recht24.de<\/a><\/p>\n\n\n\n<p><\/p>\n","protected":false},"excerpt":{"rendered":"<p>Angaben gem\u00e4\u00df \u00a7 5 TMGRebecca SchuckeltNagelstudio RS NailsWindm\u00fchlenweg 7g04849 Bad D\u00fcben KontaktTelefon: 01575 2382979E-Mail: kontakt@rs-nails.de Angaben zur Umsatzsteuer Kleinunternehmer gem\u00e4\u00df [&hellip;]<\/p>\n","protected":false},"author":1,"featured_media":0,"parent":0,"menu_order":0,"comment_status":"closed","ping_status":"closed","template":"","meta":{"_coblocks_attr":"","_coblocks_dimensions":"","_coblocks_responsive_height":"","_coblocks_accordion_ie_support":"","site-sidebar-layout":"default","site-content-layout":"","ast-site-content-layout":"default","site-content-style":"default","site-sidebar-style":"default","ast-global-header-display":"","ast-banner-title-visibility":"","ast-main-header-display":"","ast-hfb-above-header-display":"","ast-hfb-below-header-display":"","ast-hfb-mobile-header-display":"","site-post-title":"","ast-breadcrumbs-content":"","ast-featured-img":"","footer-sml-layout":"","ast-disable-related-posts":"","theme-transparent-header-meta":"","adv-header-id-meta":"","stick-header-meta":"","header-above-stick-meta":"","header-main-stick-meta":"","header-below-stick-meta":"","astra-migrate-meta-layouts":"default","ast-page-background-enabled":"default","ast-page-background-meta":{"desktop":{"background-color":"var(--ast-global-color-5)","background-image":"","background-repeat":"repeat","background-position":"center center","background-size":"auto","background-attachment":"scroll","background-type":"","background-media":"","overlay-type":"","overlay-color":"","overlay-opacity":"","overlay-gradient":""},"tablet":{"background-color":"","background-image":"","background-repeat":"repeat","background-position":"center center","background-size":"auto","background-attachment":"scroll","background-type":"","background-media":"","overlay-type":"","overlay-color":"","overlay-opacity":"","overlay-gradient":""},"mobile":{"background-color":"","background-image":"","background-repeat":"repeat","background-position":"center center","background-size":"auto","background-attachment":"scroll","background-type":"","background-media":"","overlay-type":"","overlay-color":"","overlay-opacity":"","overlay-gradient":""}},"ast-content-background-meta":{"desktop":{"background-color":"var(--ast-global-color-4)","background-image":"","background-repeat":"repeat","background-position":"center center","background-size":"auto","background-attachment":"scroll","background-type":"","background-media":"","overlay-type":"","overlay-color":"","overlay-opacity":"","overlay-gradient":""},"tablet":{"background-color":"var(--ast-global-color-4)","background-image":"","background-repeat":"repeat","background-position":"center center","background-size":"auto","background-attachment":"scroll","background-type":"","background-media":"","overlay-type":"","overlay-color":"","overlay-opacity":"","overlay-gradient":""},"mobile":{"background-color":"var(--ast-global-color-4)","background-image":"","background-repeat":"repeat","background-position":"center center","background-size":"auto","background-attachment":"scroll","background-type":"","background-media":"","overlay-type":"","overlay-color":"","overlay-opacity":"","overlay-gradient":""}},"footnotes":""},"class_list":["post-168","page","type-page","status-publish","hentry"],"yoast_head":"<!-- This site is optimized with the Yoast SEO plugin v27.3 - https:\/\/yoast.com\/product\/yoast-seo-wordpress\/ -->\n<title>Impressum - RS Nails<\/title>\n<meta name=\"robots\" content=\"index, follow, max-snippet:-1, max-image-preview:large, max-video-preview:-1\" \/>\n<link rel=\"canonical\" href=\"https:\/\/rs-nails.de\/wilkommen-bei-rs-nails\/impressum\/\" \/>\n<meta property=\"og:locale\" content=\"de_DE\" \/>\n<meta property=\"og:type\" content=\"article\" \/>\n<meta property=\"og:title\" content=\"Impressum - RS Nails\" \/>\n<meta property=\"og:description\" content=\"Angaben gem\u00e4\u00df \u00a7 5 TMGRebecca SchuckeltNagelstudio RS NailsWindm\u00fchlenweg 7g04849 Bad D\u00fcben KontaktTelefon: 01575 2382979E-Mail: kontakt@rs-nails.de Angaben zur Umsatzsteuer Kleinunternehmer gem\u00e4\u00df [&hellip;]\" \/>\n<meta property=\"og:url\" content=\"https:\/\/rs-nails.de\/wilkommen-bei-rs-nails\/impressum\/\" \/>\n<meta property=\"og:site_name\" content=\"RS Nails\" \/>\n<meta property=\"article:modified_time\" content=\"2025-11-19T12:15:14+00:00\" \/>\n<meta name=\"twitter:card\" content=\"summary_large_image\" \/>\n<meta name=\"twitter:label1\" content=\"Gesch\u00e4tzte Lesezeit\" \/>\n\t<meta name=\"twitter:data1\" content=\"1\u00a0Minute\" \/>\n<script type=\"application\/ld+json\" class=\"yoast-schema-graph\">{\"@context\":\"https:\\\/\\\/schema.org\",\"@graph\":[{\"@type\":\"WebPage\",\"@id\":\"https:\\\/\\\/rs-nails.de\\\/wilkommen-bei-rs-nails\\\/impressum\\\/\",\"url\":\"https:\\\/\\\/rs-nails.de\\\/wilkommen-bei-rs-nails\\\/impressum\\\/\",\"name\":\"Impressum - RS Nails\",\"isPartOf\":{\"@id\":\"https:\\\/\\\/rs-nails.de\\\/wilkommen-bei-rs-nails\\\/#website\"},\"datePublished\":\"2025-11-19T12:15:13+00:00\",\"dateModified\":\"2025-11-19T12:15:14+00:00\",\"breadcrumb\":{\"@id\":\"https:\\\/\\\/rs-nails.de\\\/wilkommen-bei-rs-nails\\\/impressum\\\/#breadcrumb\"},\"inLanguage\":\"de\",\"potentialAction\":[{\"@type\":\"ReadAction\",\"target\":[\"https:\\\/\\\/rs-nails.de\\\/wilkommen-bei-rs-nails\\\/impressum\\\/\"]}]},{\"@type\":\"BreadcrumbList\",\"@id\":\"https:\\\/\\\/rs-nails.de\\\/wilkommen-bei-rs-nails\\\/impressum\\\/#breadcrumb\",\"itemListElement\":[{\"@type\":\"ListItem\",\"position\":1,\"name\":\"Startseite\",\"item\":\"https:\\\/\\\/rs-nails.de\\\/wilkommen-bei-rs-nails\\\/\"},{\"@type\":\"ListItem\",\"position\":2,\"name\":\"Impressum\"}]},{\"@type\":\"WebSite\",\"@id\":\"https:\\\/\\\/rs-nails.de\\\/wilkommen-bei-rs-nails\\\/#website\",\"url\":\"https:\\\/\\\/rs-nails.de\\\/wilkommen-bei-rs-nails\\\/\",\"name\":\"RS Nails\",\"description\":\"Erleben Sie Sch\u00f6nheit und Eleganz\",\"publisher\":{\"@id\":\"https:\\\/\\\/rs-nails.de\\\/wilkommen-bei-rs-nails\\\/#organization\"},\"potentialAction\":[{\"@type\":\"SearchAction\",\"target\":{\"@type\":\"EntryPoint\",\"urlTemplate\":\"https:\\\/\\\/rs-nails.de\\\/wilkommen-bei-rs-nails\\\/?s={search_term_string}\"},\"query-input\":{\"@type\":\"PropertyValueSpecification\",\"valueRequired\":true,\"valueName\":\"search_term_string\"}}],\"inLanguage\":\"de\"},{\"@type\":\"Organization\",\"@id\":\"https:\\\/\\\/rs-nails.de\\\/wilkommen-bei-rs-nails\\\/#organization\",\"name\":\"RS Nails\",\"url\":\"https:\\\/\\\/rs-nails.de\\\/wilkommen-bei-rs-nails\\\/\",\"logo\":{\"@type\":\"ImageObject\",\"inLanguage\":\"de\",\"@id\":\"https:\\\/\\\/rs-nails.de\\\/wilkommen-bei-rs-nails\\\/#\\\/schema\\\/logo\\\/image\\\/\",\"url\":\"https:\\\/\\\/rs-nails.de\\\/wp-content\\\/uploads\\\/2025\\\/11\\\/cropped-WhatsApp-Bild-2025-11-10-um-09.18.52_79643ce8-Photoroom.png\",\"contentUrl\":\"https:\\\/\\\/rs-nails.de\\\/wp-content\\\/uploads\\\/2025\\\/11\\\/cropped-WhatsApp-Bild-2025-11-10-um-09.18.52_79643ce8-Photoroom.png\",\"width\":801,\"height\":696,\"caption\":\"RS Nails\"},\"image\":{\"@id\":\"https:\\\/\\\/rs-nails.de\\\/wilkommen-bei-rs-nails\\\/#\\\/schema\\\/logo\\\/image\\\/\"},\"sameAs\":[\"https:\\\/\\\/www.tiktok.com\\\/@rebecca_nageldesign\"]}]}<\/script>\n<!-- \/ Yoast SEO plugin. -->","yoast_head_json":{"title":"Impressum - RS Nails","robots":{"index":"index","follow":"follow","max-snippet":"max-snippet:-1","max-image-preview":"max-image-preview:large","max-video-preview":"max-video-preview:-1"},"canonical":"https:\/\/rs-nails.de\/wilkommen-bei-rs-nails\/impressum\/","og_locale":"de_DE","og_type":"article","og_title":"Impressum - RS Nails","og_description":"Angaben gem\u00e4\u00df \u00a7 5 TMGRebecca SchuckeltNagelstudio RS NailsWindm\u00fchlenweg 7g04849 Bad D\u00fcben KontaktTelefon: 01575 2382979E-Mail: kontakt@rs-nails.de Angaben zur Umsatzsteuer Kleinunternehmer gem\u00e4\u00df [&hellip;]","og_url":"https:\/\/rs-nails.de\/wilkommen-bei-rs-nails\/impressum\/","og_site_name":"RS Nails","article_modified_time":"2025-11-19T12:15:14+00:00","twitter_card":"summary_large_image","twitter_misc":{"Gesch\u00e4tzte Lesezeit":"1\u00a0Minute"},"schema":{"@context":"https:\/\/schema.org","@graph":[{"@type":"WebPage","@id":"https:\/\/rs-nails.de\/wilkommen-bei-rs-nails\/impressum\/","url":"https:\/\/rs-nails.de\/wilkommen-bei-rs-nails\/impressum\/","name":"Impressum - RS Nails","isPartOf":{"@id":"https:\/\/rs-nails.de\/wilkommen-bei-rs-nails\/#website"},"datePublished":"2025-11-19T12:15:13+00:00","dateModified":"2025-11-19T12:15:14+00:00","breadcrumb":{"@id":"https:\/\/rs-nails.de\/wilkommen-bei-rs-nails\/impressum\/#breadcrumb"},"inLanguage":"de","potentialAction":[{"@type":"ReadAction","target":["https:\/\/rs-nails.de\/wilkommen-bei-rs-nails\/impressum\/"]}]},{"@type":"BreadcrumbList","@id":"https:\/\/rs-nails.de\/wilkommen-bei-rs-nails\/impressum\/#breadcrumb","itemListElement":[{"@type":"ListItem","position":1,"name":"Startseite","item":"https:\/\/rs-nails.de\/wilkommen-bei-rs-nails\/"},{"@type":"ListItem","position":2,"name":"Impressum"}]},{"@type":"WebSite","@id":"https:\/\/rs-nails.de\/wilkommen-bei-rs-nails\/#website","url":"https:\/\/rs-nails.de\/wilkommen-bei-rs-nails\/","name":"RS Nails","description":"Erleben Sie Sch\u00f6nheit und Eleganz","publisher":{"@id":"https:\/\/rs-nails.de\/wilkommen-bei-rs-nails\/#organization"},"potentialAction":[{"@type":"SearchAction","target":{"@type":"EntryPoint","urlTemplate":"https:\/\/rs-nails.de\/wilkommen-bei-rs-nails\/?s={search_term_string}"},"query-input":{"@type":"PropertyValueSpecification","valueRequired":true,"valueName":"search_term_string"}}],"inLanguage":"de"},{"@type":"Organization","@id":"https:\/\/rs-nails.de\/wilkommen-bei-rs-nails\/#organization","name":"RS Nails","url":"https:\/\/rs-nails.de\/wilkommen-bei-rs-nails\/","logo":{"@type":"ImageObject","inLanguage":"de","@id":"https:\/\/rs-nails.de\/wilkommen-bei-rs-nails\/#\/schema\/logo\/image\/","url":"https:\/\/rs-nails.de\/wp-content\/uploads\/2025\/11\/cropped-WhatsApp-Bild-2025-11-10-um-09.18.52_79643ce8-Photoroom.png","contentUrl":"https:\/\/rs-nails.de\/wp-content\/uploads\/2025\/11\/cropped-WhatsApp-Bild-2025-11-10-um-09.18.52_79643ce8-Photoroom.png","width":801,"height":696,"caption":"RS Nails"},"image":{"@id":"https:\/\/rs-nails.de\/wilkommen-bei-rs-nails\/#\/schema\/logo\/image\/"},"sameAs":["https:\/\/www.tiktok.com\/@rebecca_nageldesign"]}]}},"_links":{"self":[{"href":"https:\/\/rs-nails.de\/wilkommen-bei-rs-nails\/wp-json\/wp\/v2\/pages\/168","targetHints":{"allow":["GET"]}}],"collection":[{"href":"https:\/\/rs-nails.de\/wilkommen-bei-rs-nails\/wp-json\/wp\/v2\/pages"}],"about":[{"href":"https:\/\/rs-nails.de\/wilkommen-bei-rs-nails\/wp-json\/wp\/v2\/types\/page"}],"author":[{"embeddable":true,"href":"https:\/\/rs-nails.de\/wilkommen-bei-rs-nails\/wp-json\/wp\/v2\/users\/1"}],"replies":[{"embeddable":true,"href":"https:\/\/rs-nails.de\/wilkommen-bei-rs-nails\/wp-json\/wp\/v2\/comments?post=168"}],"version-history":[{"count":2,"href":"https:\/\/rs-nails.de\/wilkommen-bei-rs-nails\/wp-json\/wp\/v2\/pages\/168\/revisions"}],"predecessor-version":[{"id":170,"href":"https:\/\/rs-nails.de\/wilkommen-bei-rs-nails\/wp-json\/wp\/v2\/pages\/168\/revisions\/170"}],"wp:attachment":[{"href":"https:\/\/rs-nails.de\/wilkommen-bei-rs-nails\/wp-json\/wp\/v2\/media?parent=168"}],"curies":[{"name":"wp","href":"https:\/\/api.w.org\/{rel}","templated":true}]}}